alculate 0 + 1 + (-5 - (8 + -5) - -3).
-4
What is (-7 + -1 - -18) + -8 + -5?
-3
Calculate (11 - 14 - -10) + -6 + 7.
8
What is -6 - (-20 + -2) - 1?
15
What is 17 + (-22 - 7 - -4) - (-1 + -25)?
18
What is -31 + (-34 - -69) + 10?
14
What is the value of -23 + (-7 - (-6 - 3)) + 9?
-12
What is the value of -7 + 2 + -3 + (8 - 7 - -1)?
-6
Calculate 5 + (-20 - -22) + 6.
13
-15 + (15 + -13 - -12)
-1
What is -1 - 5 - (41 + 25 - 67)?
-5
What is the value of 27 + (-2 - 16) + 6?
15
15 - ((-29 - -11) + -7 + 16)
24
What is 8 - (6 + 16 + -6 + -16)?
8
0 - ((6 - 3) + -6 - -8)
-5
Calculate (-11 - (0 - 7) - (14 + -1)) + 2.
-15
What is (-1 - 5) + (36 - 44)?
-14
Calculate (5 - 13) + (-3 + 5 + 7 - -1).
2
14 + (-1 - -3) - (-103 + 111)
8
-3 + -1 + 8 + (-15 - 1)
-12
Calculate 7 + (-10 - 4) + 25.
18
What is the value of -4 - (-12 + 5 - -12)?
-9
Evaluate (5 - 8) + 18 + (19 + -10 - 15).
9
Evaluate (11 - 13) + 8 - (0 + 5).
1
(0 - 7) + (126 - 115)
4
Evaluate (-5 + 1 - -3) + 38 - 9.
28
43 + -39 + 5 + -3 + 4
10
Calculate 24 + 0 + -20 + -24.
-20
What is the value of -26 - -26 - -1 - -15?
16
Calculate -79 + 60 + 17 + -21.
-23
Calculate -3 - (-16 - 9) - (-51 + 46).
27
Evaluate 13 + 51 - (43 + -6).
27
Calculate (2 - 2 - 0) + -10.
-10
What is (-1 - (7 - 2)) + -7?
-13
Calculate 19 + -23 - (-3 + 1).
-2
What is the value of -35 - (-5 - (87 + -42))?
15
Evaluate 1 + -8 + -1 + -1095 + 1100.
-3
(-9 - (-2 + 0 - 7)) + -8
-8
What is the value of (-241 - -224) + (1 - -17)?
1
Evaluate (0 + 0 - (25 - 32)) + -14.
-7
What is the value of (-1 - -19) + -28 + 5 - (-13 - 0)?
8
What is the value of (-12 - -19) + 12 - (3 + 6)?
10
9 - (-17 - (-16 + -23))
-13
13 - (-107 - -109 - (-3 - (2 + -4)))
10
Evaluate (-3 - ((-14 - -9) + (3 - 0))) + 8.
7
0 - 4 - (-24 - (-35 - 4))
-19
(-24 - -59 - 74) + 35
-4
Calculate (-5 - -9) + -48 + 4 + (28 - 17).
-29
Calculate 9 - (-9 - -13) - -20.
25
What is -6 - (4 + (-4 - (-8 - -18))) - -6?
10
(16 + -7 - 21 - -1) + 1
-10
Calculate 13 - (-24 + 13 - -21).
3
(-1 - (1 + -23)) + -29
-8
What is 6 + -7 - (5 - (13 + -2) - -8)?
-3
Evaluate 7 + (5 - (-5 - (-8 - 5))) + 2.
6
What is the value of 3 - ((-6 - 3) + 8 - 5)?
9
Evaluate (-5 - 1) + (0 - -1) + (3 - -10).
8
What is the value of -1 + 1 + -28 + 1 + -20 + 19?
-28
What is the value of (1 + 0 - 7) + -8 + 21 + -8?
-1
Calculate 5 + 32 + 5 + -16 + -15.
11
What is 12 + -11 + 8 + -7 + 7 + -6?
3
1 - (11 - 1) - (0 - (-14 + 13))
-10
Evaluate 22 + 15 + (-5 - 21).
11
What is -15 - (-37 + 15) - 5?
2
Calculate (-10 + -5 - -14) + (-2 - 1).
-4
Evaluate 16 - 2 - (-1 - -5).
10
What is 103 + -54 + -42 - (1 + 0 + 34)?
-28
-20 + 14 + (12 - 0 - 13)
-7
What is the value of -2 - (4 + 0 + (7 - 6))?
-7
6 - (12 - 13 - (-2 + 6))
11
Evaluate 29 + (-2 + -2 - (-4 + -7 - -16)).
20
Calculate 23 + -20 + (12 - 8).
7
What is (16 - 14) + -37 + 42 + (0 - 1)?
6
Evaluate -22 - (30 + -27 - (3 + 16)).
-6
Calculate -9 + -4 + -4 + 12 + -10 + -1.
-16
Evaluate 0 + -16 + (9 - (3 - -12) - -4).
-18
11 - (6 + -2 + 0 - -7)
0
-59 - -31 - (-14 - -3)
-17
Evaluate (25 - 20 - -15) + -15 + (0 - 10).
-5
What is the value of -37 + -15 + 29 - (-12 + 2)?
-13
5 + 1 + (-11 - (2 - 27) - 3)
17
What is the value of (75 - 68) + (-4 - 0)?
3
-2 - (3 + -14) - 7
2
Evaluate -15 + (6 - (4 - 6)) + 6 - 2.
-3
Calculate 12 - ((1 - 5) + 12).
4
(27 - 25) + (-7 - -2) + -3 - -21
15
-8 - (-6 - (-12 + 4)) - -1
-9
Evaluate 1 + 23 - 2 - (-45 + -30 + 80).
17
Calculate -7 + 3 + (1 - -1) + 4.
2
What is the value of -2 - -2 - 10 - (-7 - (21 + -27))?
-9
-56 - -140 - 98 - (-1 - (11 - 2))
-4
Evaluate (-8 - -11 - -19) + 9 + -18 + 5.
18
Calculate -5 - ((-9 + 16 - 9 - -7) + 8).
-18
Calculate (5 - 0) + -10 + 15 + -4.
6
6 + 16 - 4 - 30
-12
What is -50 + 5 + 33 - (-12 - 0)?
0
Evaluate -129 + 137 + 0 + -14 - (7 + -2).
-11
Evaluate (-6 + 1 - -1) + 93 + -96 + -8.
-15
What is -16 + 20 + (5 - 5) + 11 + -1?
14
Evaluate (-1 - 0) + 267 + -255.
11
What is 2 + (2 - 1) + (0 - (2 - -8))?
-7
What is (-5 - (-20 - 0)) + 0 - -14?
29
Calculate 1 + -4 + 76 + -71.
2
What is -2 + 2 + -1 + (-7 - (2 - 18))?
8
What is the value of (0 + -1 + 4 - (-17 + 15)) + 6?
11
3 + -10 + (14 - 8) + 6
5
Evaluate (-2 - -3) + (-1 - (1 - (-2 + -2))).
-5
What is the value of -5 - (8 + -27 + 8 + 3)?
3
What is -7 - (-17 + 14 + -1 + 23)?
-26
What is -15 + (-18 - -5) - (-17 - -20)?
-31
Calculate -1 + 4 + 1 + -12.
-8
Evaluate 1 + 9 + -16 - -16.
10
17 - (-8 + (5 - -14 - 17))
23
-1 + 9 + 13 + -28
-7
Evaluate -1 - -2 - (1 + -12 + (-3 - -12)).
3
Calculate (-6 + 6 - -5) + -14 + -1 - 8.
-18
2 - 1 - (-31 + 25) - 13
-6
Evaluate (-6 - (-4 + 6 + -7 + 0)) + 6.
5
What is 2 + (3 - (-3 - -15)) - -19?
12
What is 8 + (11 - 23) - 6?
-10
What is the value of (29 - 35) + 26 + -24?
-4
What is 14 + (-12 - (0 + -8))?
10
Calculate -5 + (5 - -36) - (96 + -88).
28
What is 7 + (7 + -9 - 0) + 5 + -2?
8
What is 10 + 0 + (2 + -2 - -6 - 7)?
9
Evaluate 26 - (2 + -20) - 20.
24
Calculate 7 - ((-11 - (4 + -11)) + -7 - -1).
17
What is -71 - (-25 + -18) - -20?
-8
Evaluate -4 - 21 - (232 - 268).
11
Evaluate 17 + 16 + (-13 - -2).
22
242 + -249 + (0 - -4)
-3
What is the value of 7 + -27 + 3 + -3 - -6?
-14
What is the value of 12 + 0 - (6 + 8 + -7 + -1)?
6
Evaluate 1 + 0 + ((-5 - 33) + 10 - -17).
-10
What is the value of (-22 - -8) + 20 + -19?
-13
What is 14 + (14 - (12 + 25))?
-9
-30 + (-200 + 206 - (2 + 1 + -6))
-21
Evaluate (-7 - (3 - 3)) + 16 + (43 - 52).
0
Calculate -2 - 9 - -20 - 11.
-2
Evaluate -34 + 23 + -22 - -24.
-9
What is the value of (1 - 3) + -8 + -28 + (46 - 30)?
-22
What is the value of -20 + 87 + -70 + -1 + -9?
-13
What is the value of -29 - (39 - (91 - 10))?
13
Evaluate 8 + (13 - (36 - 7)) + (31 - 2).
21
11 + (-9 + 15 - -1) + -7
11
What is the value of 8 + (-123 + 132 - (1 + 3))?
13
What is (-13 - (29 + -12 + -27)) + -11?
-14
Calculate (2 - -8) + -8 + -13 + 0.
-11
What is 10 + (-29 - (-31 - -19))?
-7
Calculate -2 + 0 + 6 - 13 - (-5 + -2).
-2
Calculate -6 - (15 + -10 + 12 + -32).
9
What is the value of 6 - (-1 + 5 - (55 - 38) - -5)?
14
What is -8 - -1 - (-5 + 28 + -33)?
3
Calculate (-2 - 22) + 62 + -28.
10
What is the value of -228 + 225 - (1 - -7)?
-11
(4 - 7 - 5) + (-19 - -38)
11
Evaluate -12 - ((-8 - 2) + -10).
8
What is the value of -13 - (7 - 9 - (-4 - 3))?
-18
Evaluate -46 + 45 - (10 + 1).
-12
24 + (4 + -22 - -1)
7
Calculate 717 + -727 + (0 - -37).
27
Calculate (-2 - (-13 - 2)) + (-3 - -1).
11
What is the value of -38 - -19 - (14 + -46)?
13
Evaluate -11 - (7 - (16 - 5)) - -13.
6
-7 + -3 + -3 + 3 + 0 + 7
-3
What is the value of 3 + (12 - 10) - 15?
-10
Calculate -15 - (-11 + 3) - -23.
16
What is (-16 - 5) + 17 + -22?
-26
Calculate (2 - (0 - -9 - -2)) + (71 - 56).
6
(16 - (18 + -33)) + -12
19
Evaluate (-33 - (13 + -37)) + (-2 - 2 - -2).
-11
Evaluate -18 + (-3 - -19) + -11.
-13
What is -2 - ((8 - 4) + (-1 - -8))?
-13
-11 + (-24 - -17 - -22) + (1 - -20)
25
Calculate -1 + -3 + (-3 + (6 - -38) - 15).
22
Evaluate -11 + (2 - ((14 - 9) + -10 + 4)).
-8
(-1 - 0 - 4) + (53 - 55)
-7
What is -32 + 12 + (16 - -23)?
19
Evaluate (16 - 5 - (10 + 10)) + 3.
-6
Evaluate -2 + 3 - (-5 + (-5 - (-4 - -1))).
8
(-17 - -46) + (-36 - -14)
7
Evaluate -3 + 4 + 0 + (-5 - 1).
-5
Evaluate -6 - -4 - (-3 + (0 - (7 - 5))).
3
Evaluate 1 - (-13 + (14 - 7) - (-1 - 5)).
1
Calculate -3 - (13 + 8 + -38).
14
What is -5 + (12 - (1 + 10 - 4))?
0
Calculate 16 - (-1 + 22 + -9).
4
Calculate (0 - (3 - 10)) + -2 - (33 + 5).
-33
What is the value of (-7 - (-11 - -4)) + (3 - (5 + -4))?
2
What is 9 + -14 + 2 + 12?
9
Evaluate -3 + 0 + (3 - 4) + (0 - 2).
-6
Calculate (1 - -6) + 702 + -688.
21
Calculate 19 + 37 + -54 - (-4 + (2 - 3)).
7
What is the value of -9 - -15 - (25 - 0) - -3?
-16
What is the value of -20 - (23 + -1 - 25)?
-17
What is -19 - (-3 + 1) - (-305 - -301)?
-13
What is 0 - 12 - -17 - 9?
-4
Calculate -1 + 10 + 261 + -261.
9
1 + -14 + 10 + (-1 - -1) - -1
-2
Calculate -39 + 30 + -4 + -2.
-15
What is 8 + (7 - 4) + -4 + 0 - -9?
16
What is the value of 7 - (16 + -7) - 5?
-7
What is the value of (-5 - 8) + (-2 - -12)?
-3
What is the value of 20 + (-3 - (-25 + 12))?
30
Evaluate 0 - (4 - 8) - (10 - (-3 + 7)).
-2
What is the value of -213 + 207 + -3 + 35?
26
What is the value of -2 + 15 - (14 - 43 - -56)?
-14
Evaluate (23 - (-18 - -33)) + (-14 - -2).
-4
Calculate -5 - -14 - (5 + (11 - 4)).
-3
6 + (-1 - -4) + (-13 - 7) + -2
-13
Calculate 